2
What is the units digit of 388668?
8
What is the ten thousands digit of 14092147?
9
What is the hundreds digit of 310833?
8
What is the thousands digit of 150887?
0
What is the tens digit of 2057829?
2
What is the thousands digit of 267171?
7
What is the hundreds digit of 20120774?
7
What is the hundreds digit of 230680?
6
What is the thousands digit of 228890?
8
What is the hundred thousands digit of 164591?
1
What is the units digit of 1567484?
4
What is the thousands digit of 445209?
5
What is the ten thousands digit of 164988?
6
What is the tens digit of 10384151?
5
What is the tens digit of 746244?
4
What is the units digit of 5193694?
4
What is the thousands digit of 2460401?
0
What is the hundreds digit of 9509605?
6
What is the hundreds digit of 4552023?
0
What is the hundred thousands digit of 847927?
8
What is the tens digit of 1503974?
7
What is the tens digit of 234793?
9
What is the thousands digit of 23235572?
5
What is the millions digit of 2407746?
2
What is the tens digit of 1498432?
3
What is the units digit of 169591?
1
What is the hundreds digit of 4832603?
6
What is the ten thousands digit of 5430853?
3
What is the hundreds digit of 3507927?
9
What is the hundreds digit of 7569579?
5
What is the tens digit of 433571?
7
What is the thousands digit of 3203632?
3
What is the thousands digit of 9085327?
5
What is the hundred thousands digit of 453425?
4
What is the tens digit of 15917479?
7
What is the units digit of 369688?
8
What is the hundreds digit of 997192?
1
What is the tens digit of 1420398?
9
What is the ten thousands digit of 614320?
1
What is the millions digit of 17667968?
7
What is the ten millions digit of 11737092?
1
What is the millions digit of 1466025?
1
What is the ten thousands digit of 5761400?
6
What is the tens digit of 5343368?
6
What is the hundreds digit of 220251?
2
What is the tens digit of 5220632?
3
What is the thousands digit of 428773?
8
What is the ten thousands digit of 40184041?
8
What is the hundreds digit of 201186?
1
What is the units digit of 617973?
3
What is the ten thousands digit of 50880?
5
What is the millions digit of 1311093?
1
What is the tens digit of 7335?
3
What is the units digit of 396207?
7
What is the hundred thousands digit of 6321561?
3
What is the thousands digit of 1656796?
6
What is the units digit of 12303638?
8
What is the ten thousands digit of 205075?
0
What is the thousands digit of 1066681?
6
What is the units digit of 206870?
0
What is the hundred thousands digit of 2594759?
5
What is the units digit of 5317699?
9
What is the tens digit of 1256005?
0
What is the hundred thousands digit of 5596732?
5
What is the thousands digit of 220993?
0
What is the thousands digit of 1119527?
9
What is the tens digit of 363181?
8
What is the units digit of 441042?
2
What is the thousands digit of 9079313?
9
What is the thousands digit of 1517081?
7
What is the thousands digit of 4522110?
2
What is the hundreds digit of 609735?
7
What is the hundred thousands digit of 143932?
1
What is the tens digit of 2040912?
1
What is the hundreds digit of 681234?
2
What is the tens digit of 416807?
0
What is the tens digit of 5549860?
6
What is the millions digit of 25747880?
5
What is the tens digit of 5842225?
2
What is the millions digit of 2915432?
2
What is the hundreds digit of 15367380?
3
What is the units digit of 215008?
8
What is the tens digit of 6702081?
8
What is the thousands digit of 140810?
0
What is the tens digit of 309486?
8
What is the ten millions digit of 28970985?
2
What is the units digit of 97115?
5
What is the hundred thousands digit of 7639182?
6
What is the thousands digit of 11307266?
7
What is the tens digit of 4880780?
8
What is the thousands digit of 390210?
0
What is the hundreds digit of 18973121?
1
What is the hundreds digit of 456352?
3
What is the hundred thousands digit of 229689?
2
What is the tens digit of 69655?
5
What is the tens digit of 213564?
6
What is the units digit of 259606?
6
What is the ten thousands digit of 205218?
0
What is the tens digit of 1869016?
1
What is the millions digit of 4656091?
4
What is the hundred thousands digit of 10034296?
0
What is the hundreds digit of 882173?
1
What is the hundreds digit of 1430926?
9
What is the tens digit of 1320?
2
What is the hundreds digit of 3655111?
1
What is the millions digit of 3262284?
3
What is the hundred thousands digit of 774877?
7
What is the tens digit of 96276?
7
What is the tens digit of 330277?
7
What is the thousands digit of 3554370?
4
What is the hundred thousands digit of 763798?
7
What is the tens digit of 22121434?
3
What is the hundreds digit of 17392525?
5
What is the ten thousands digit of 1834092?
3
What is the hundreds digit of 126425?
4
What is the hundred thousands digit of 1421023?
4
What is the millions digit of 4194410?
4
What is the hundred thousands digit of 9154920?
1
What is the hundreds digit of 3955095?
0
What is the tens digit of 90489?
8
What is the millions digit of 2825672?
2
What is the thousands digit of 898831?
8
What is the tens digit of 17948641?
4
What is the tens digit of 13841630?
3
What is the hundreds digit of 370709?
7
What is the thousands digit of 293784?
3
What is the hundreds digit of 14495569?
5
What is the thousands digit of 4428855?
8
What is the ten thousands digit of 127490?
2
What is the millions digit of 1398746?
1
What is the hundreds digit of 6316951?
9
What is the units digit of 272137?
7
What is the ten thousands digit of 5739260?
3
What is the ten thousands digit of 93733?
9
What is the ten thousands digit of 92525?
9
What is the hundred thousands digit of 273901?
2
What is the hundred thousands digit of 2126901?
1
What is the thousands digit of 221118?
1
What is the units digit of 6325705?
5
What is the tens digit of 22705760?
6
What is the units digit of 232761?
1
What is the tens digit of 7212881?
8
What is the hundred thousands digit of 11073001?
0
What is the thousands digit of 1632979?
2
What is the tens digit of 21394453?
5
What is the hundreds digit of 15928333?
3
What is the tens digit of 11958856?
5
What is the hundred thousands digit of 1245044?
2
What is the hundred thousands digit of 753861?
7
What is the units digit of 5033748?
8
What is the hundreds digit of 10594319?
3
What is the hundred thousands digit of 414546?
4
What is the ten thousands digit of 1628751?
2
What is the ten thousands digit of 61017?
6
What is the hundreds digit of 32093679?
6
What is the units digit of 6634879?
9
What is the millions digit of 4287929?
4
What is the hundreds digit of 65018?
0
What is the hundred thousands digit of 253128?
2
What is the ten thousands digit of 217274?
1
What is the ten thousands digit of 819540?
1
What is the hundreds digit of 213986?
9
What is the ten millions digit of 16840656?
1
What is the millions digit of 4515842?
4
What is the hundred thousands digit of 336547?
3
What is the millions digit of 5731024?
5
What is the ten thousands digit of 135343?
3
What is the millions digit of 8623899?
8
What is the units digit of 3581595?
5
What is the millions digit of 10826801?
0
What is the hundred thousands digit of 402243?
4
What is the hundred thousands digit of 107122?
1
What is the thousands digit of 9669928?
9
What is the hundreds digit of 12873538?
5
What is the hundreds digit of 6535994?
9
What is the units digit of 203375?
5
What is the hundred thousands digit of 1642788?
6
What is the hundred thousands digit of 6278512?
2
What is the thousands digit of 19533601?
3
What is the hundreds digit of 14319738?
7
What is the thousands digit of 176742?
6
What is the hundreds digit of 8816096?
0
What is the millions digit of 2052047?
2
What is the units digit of 23095744?
4
What is the tens digit of 1458925?
2
What is the hundreds digit of 1448102?
1
What is the millions digit of 5302575?
5
What is the tens digit of 108710?
1
What is the hundreds digit of 49819?
8
What is the tens digit of 1912122?
2
What is the ten thousands digit of 945408?
4
What is the thousands digit of 1255830?
5
What is the millions digit of 3723837?
3
What is the ten millions digit of 11149618?
1
What is the ten thousands digit of 553206?
5
What is the units digit of 230942?
2
What is the tens digit of 2522877?
7
What is the ten mi